{"id":1707,"date":"2024-05-23T09:05:38","date_gmt":"2024-05-23T09:05:38","guid":{"rendered":"https:\/\/www.repery.eu\/deutschland\/?post_type=product&#038;p=1707"},"modified":"2026-03-11T12:01:56","modified_gmt":"2026-03-11T12:01:56","slug":"schutzschwelle-fuer-tuerrahmen-und-dehnungsfugen","status":"publish","type":"product","link":"https:\/\/www.repery.eu\/deutschland\/produkt\/schutzschwelle-fuer-tuerrahmen-und-dehnungsfugen\/","title":{"rendered":"Schutzschwelle f\u00fcr T\u00fcrrahmen und Dehnungsfugen"},"content":{"rendered":"<p>Eine Schwelle, die Dehnungsfugen und T\u00fcrrahmen vor Sch\u00e4den durch Schl\u00e4uche sch\u00fctzt. Die stapelbare Form erm\u00f6glicht einen bequemen Transport und eine bequeme Lagerung.<\/p>\n<p><img fetchpriority=\"high\" decoding=\"async\" class=\"alignnone wp-image-1710\" src=\"https:\/\/www.repery.eu\/deutschland\/wp-content\/uploads\/sites\/20\/2024\/05\/prog-wymiary-300x131.png\" alt=\"\" width=\"600\" height=\"262\" srcset=\"https:\/\/www.repery.eu\/deutschland\/wp-content\/uploads\/sites\/20\/2024\/05\/prog-wymiary-300x131.png 300w, https:\/\/www.repery.eu\/deutschland\/wp-content\/uploads\/sites\/20\/2024\/05\/prog-wymiary-1024x447.png 1024w, https:\/\/www.repery.eu\/deutschland\/wp-content\/uploads\/sites\/20\/2024\/05\/prog-wymiary-768x335.png 768w, https:\/\/www.repery.eu\/deutschland\/wp-content\/uploads\/sites\/20\/2024\/05\/prog-wymiary-1536x670.png 1536w, https:\/\/www.repery.eu\/deutschland\/wp-content\/uploads\/sites\/20\/2024\/05\/prog-wymiary-2048x894.png 2048w, https:\/\/www.repery.eu\/deutschland\/wp-content\/uploads\/sites\/20\/2024\/05\/prog-wymiary-600x262.png 600w\" sizes=\"(max-width: 600px) 100vw, 600px\" \/><\/p>\n<p>Material: 2 mm Stahl<\/p>\n<p>Beschichtung: verzinkt<\/p>\n<p>Gewicht: 4,2 kg<\/p>\n","protected":false},"excerpt":{"rendered":"<p>Eine Schwelle, die Dehnungsfugen und T\u00fcrrahmen vor Sch\u00e4den durch Schl\u00e4uche sch\u00fctzt. Die stapelbare Form erm\u00f6glicht einen bequemen Transport und eine bequeme Lagerung. Material: 2 mm&hellip;<\/p>\n","protected":false},"featured_media":1709,"comment_status":"open","ping_status":"closed","template":"","meta":[],"product_brand":[111],"product_cat":[112],"product_tag":[86,85],"class_list":{"0":"post-1707","1":"product","2":"type-product","3":"status-publish","4":"has-post-thumbnail","6":"product_brand-repery-eu","7":"product_cat-nivellierboecke-fuer-fliessestrich","8":"product_tag-eine-schwelle","9":"product_tag-schutzschwelle-fuer-tuerrahmen","11":"first","12":"instock","13":"purchasable","14":"product-type-simple","15":"customify-col","16":"product-has-gallery"},"_links":{"self":[{"href":"https:\/\/www.repery.eu\/deutschland\/wp-json\/wp\/v2\/product\/1707","targetHints":{"allow":["GET"]}}],"collection":[{"href":"https:\/\/www.repery.eu\/deutschland\/wp-json\/wp\/v2\/product"}],"about":[{"href":"https:\/\/www.repery.eu\/deutschland\/wp-json\/wp\/v2\/types\/product"}],"replies":[{"embeddable":true,"href":"https:\/\/www.repery.eu\/deutschland\/wp-json\/wp\/v2\/comments?post=1707"}],"wp:featuredmedia":[{"embeddable":true,"href":"https:\/\/www.repery.eu\/deutschland\/wp-json\/wp\/v2\/media\/1709"}],"wp:attachment":[{"href":"https:\/\/www.repery.eu\/deutschland\/wp-json\/wp\/v2\/media?parent=1707"}],"wp:term":[{"taxonomy":"product_brand","embeddable":true,"href":"https:\/\/www.repery.eu\/deutschland\/wp-json\/wp\/v2\/product_brand?post=1707"},{"taxonomy":"product_cat","embeddable":true,"href":"https:\/\/www.repery.eu\/deutschland\/wp-json\/wp\/v2\/product_cat?post=1707"},{"taxonomy":"product_tag","embeddable":true,"href":"https:\/\/www.repery.eu\/deutschland\/wp-json\/wp\/v2\/product_tag?post=1707"}],"curies":[{"name":"wp","href":"https:\/\/api.w.org\/{rel}","templated":true}]}}